{"id":42,"date":"2017-03-10T22:05:41","date_gmt":"2017-03-10T22:05:41","guid":{"rendered":"https:\/\/ecurriculum.es\/silvia-suria-torres\/?p=42"},"modified":"2025-12-13T10:30:15","modified_gmt":"2025-12-13T10:30:15","slug":"analista-programador-en-sadiel-sa","status":"publish","type":"linea-de-cv","link":"https:\/\/ecurriculum.es\/silvia-suria-torres\/linea-de-cv\/analista-programador-en-sadiel-sa\/","title":{"rendered":"04. Analista Programador en Sadiel SA"},"content":{"rendered":"<p>En esta experiencia trabaj\u00e9 en proyectos grandes, en equipos de desarrollos asignados para Endesa y Extrugal.<\/p>\n<p>Aqu\u00ed aprend\u00ed a trabajar coordin\u00e1ndome con equipos grandes, y a acometer proyectos de desarrollo de gran envergadura para equipos de escritorio y web.<br \/>\nFecha experiencia: <\/p>\n","protected":false},"template":"","meta":{"_acf_changed":false,"jetpack_post_was_ever_published":false},"class_list":["post-42","linea-de-cv","type-linea-de-cv","status-publish","hentry"],"acf":[],"jetpack_sharing_enabled":false,"_links":{"self":[{"href":"https:\/\/ecurriculum.es\/silvia-suria-torres\/wp-json\/wp\/v2\/linea-de-cv\/42","targetHints":{"allow":["GET"]}}],"collection":[{"href":"https:\/\/ecurriculum.es\/silvia-suria-torres\/wp-json\/wp\/v2\/linea-de-cv"}],"about":[{"href":"https:\/\/ecurriculum.es\/silvia-suria-torres\/wp-json\/wp\/v2\/types\/linea-de-cv"}],"wp:attachment":[{"href":"https:\/\/ecurriculum.es\/silvia-suria-torres\/wp-json\/wp\/v2\/media?parent=42"}],"curies":[{"name":"wp","href":"https:\/\/api.w.org\/{rel}","templated":true}]}}

<p>En esta experiencia trabajé en proyectos grandes, en equipos de desarrollos asignados para Endesa y Extrugal.</p>
<p>Aquí aprendí a trabajar coordinándome con equipos grandes, y a acometer proyectos de desarrollo de gran envergadura para equipos de escritorio y web.<br />
Fecha experiencia: </p>
